{"version":"1.0","provider_name":"Equip vinyes dabad","provider_url":"https:\/\/equipvinyesdabad.com\/es\/","title":"Joan Vinyes l\u00edder del Campeonato de Espa\u00f1a absoluto. - Equip vinyes dabad","type":"rich","width":600,"height":338,"html":"<blockquote class=\"wp-embedded-content\" data-secret=\"hOJsJg4hcT\"><a href=\"https:\/\/equipvinyesdabad.com\/es\/rallys\/joan-vinyes-lider-del-campeonato-de-espana-absoluto\/\">Joan Vinyes l\u00edder del Campeonato de Espa\u00f1a absoluto.<\/a><\/blockquote><iframe sandbox=\"allow-scripts\" security=\"restricted\" src=\"https:\/\/equipvinyesdabad.com\/es\/rallys\/joan-vinyes-lider-del-campeonato-de-espana-absoluto\/embed\/#?secret=hOJsJg4hcT\" width=\"600\" height=\"338\" title=\"\u00abJoan Vinyes l\u00edder del Campeonato de Espa\u00f1a absoluto.\u00bb \u2014 Equip vinyes dabad\" data-secret=\"hOJsJg4hcT\" frameborder=\"0\" marginwidth=\"0\" marginheight=\"0\" scrolling=\"no\" class=\"wp-embedded-content\"><\/iframe><script>\n\/*! This file is auto-generated *\/\n!function(d,l){\"use strict\";l.querySelector&&d.addEventListener&&\"undefined\"!=typeof URL&&(d.wp=d.wp||{},d.wp.receiveEmbedMessage||(d.wp.receiveEmbedMessage=function(e){var t=e.data;if((t||t.secret||t.message||t.value)&&!\/[^a-zA-Z0-9]\/.test(t.secret)){for(var s,r,n,a=l.querySelectorAll('iframe[data-secret=\"'+t.secret+'\"]'),o=l.querySelectorAll('blockquote[data-secret=\"'+t.secret+'\"]'),c=new RegExp(\"^https?:$\",\"i\"),i=0;i<o.length;i++)o[i].style.display=\"none\";for(i=0;i<a.length;i++)s=a[i],e.source===s.contentWindow&&(s.removeAttribute(\"style\"),\"height\"===t.message?(1e3<(r=parseInt(t.value,10))?r=1e3:~~r<200&&(r=200),s.height=r):\"link\"===t.message&&(r=new URL(s.getAttribute(\"src\")),n=new URL(t.value),c.test(n.protocol))&&n.host===r.host&&l.activeElement===s&&(d.top.location.href=t.value))}},d.addEventListener(\"message\",d.wp.receiveEmbedMessage,!1),l.addEventListener(\"DOMContentLoaded\",function(){for(var e,t,s=l.querySelectorAll(\"iframe.wp-embedded-content\"),r=0;r<s.length;r++)(t=(e=s[r]).getAttribute(\"data-secret\"))||(t=Math.random().toString(36).substring(2,12),e.src+=\"#?secret=\"+t,e.setAttribute(\"data-secret\",t)),e.contentWindow.postMessage({message:\"ready\",secret:t},\"*\")},!1)))}(window,document);\n\/\/# sourceURL=https:\/\/equipvinyesdabad.com\/wp-includes\/js\/wp-embed.min.js\n<\/script>\n","thumbnail_url":"https:\/\/equipvinyesdabad.com\/wp-content\/uploads\/2024\/10\/logo_vinyes_dabad.png","thumbnail_width":250,"thumbnail_height":130,"description":"Joan Vinyes-Jordi Mercader (Suzuki Swift S1600) dominaron de principio a fin la clasificaci\u00f3n reservada a los veh\u00edculos de dos ruedas motrices (2RM) del 48 Rally R\u00edas Baixas, primera de las pruebas gallegas del Campeonato de Espa\u00f1a 2012 de las especialidad. Una vez m\u00e1s el piloto de Suzuki Motorsport tambi\u00e9n luch\u00f3 hasta la \u00faltima especial del rally para mejorar posiciones en la clasificaci\u00f3n absoluta, al final 7\u00ba puesto despu\u00e9s de mantener una lucha desigual (en cuanto a veh\u00edculos) y en condiciones complicadas, sobre todo al final de la prueba. Sin lugar a dudas este af\u00e1n de triunfo y su regularidad le han llevado a encabezar las clasificaciones provisionales, absoluta y 2RM, despu\u00e9s de disputadas tres pruebas del mencionado campeonato.  La climatolog\u00eda fue la que motiv\u00f3 estas condiciones, la lluvia que apareci\u00f3 en las \u00faltimas especiales del rally la aprovech\u00f3 Vinyes para mejorar alguna posici\u00f3n."}

Joan Vinyes líder del Campeonato de España absoluto. - Equip vinyes dabad

<blockquote class="wp-embedded-content" data-secret="hOJsJg4hcT"><a href="https://equipvinyesdabad.com/es/rallys/joan-vinyes-lider-del-campeonato-de-espana-absoluto/">Joan Vinyes líder del Campeonato de España absoluto.</a></blockquote><iframe sandbox="allow-scripts" security="restricted" src="https://equipvinyesdabad.com/es/rallys/joan-vinyes-lider-del-campeonato-de-espana-absoluto/embed/#?secret=hOJsJg4hcT" width="600" height="338" title="«Joan Vinyes líder del Campeonato de España absoluto.» — Equip vinyes dabad" data-secret="hOJsJg4hcT" frameborder="0" marginwidth="0" marginheight="0" scrolling="no" class="wp-embedded-content"></iframe><script>
/*! This file is auto-generated */
!function(d,l){"use strict";l.querySelector&&d.addEventListener&&"undefined"!=typeof URL&&(d.wp=d.wp||{},d.wp.receiveEmbedMessage||(d.wp.receiveEmbedMessage=function(e){var t=e.data;if((t||t.secret||t.message||t.value)&&!/[^a-zA-Z0-9]/.test(t.secret)){for(var s,r,n,a=l.querySelectorAll('iframe[data-secret="'+t.secret+'"]'),o=l.querySelectorAll('blockquote[data-secret="'+t.secret+'"]'),c=new RegExp("^https?:$","i"),i=0;i<o.length;i++)o[i].style.display="none";for(i=0;i<a.length;i++)s=a[i],e.source===s.contentWindow&&(s.removeAttribute("style"),"height"===t.message?(1e3<(r=parseInt(t.value,10))?r=1e3:~~r<200&&(r=200),s.height=r):"link"===t.message&&(r=new URL(s.getAttribute("src")),n=new URL(t.value),c.test(n.protocol))&&n.host===r.host&&l.activeElement===s&&(d.top.location.href=t.value))}},d.addEventListener("message",d.wp.receiveEmbedMessage,!1),l.addEventListener("DOMContentLoaded",function(){for(var e,t,s=l.querySelectorAll("iframe.wp-embedded-content"),r=0;r<s.length;r++)(t=(e=s[r]).getAttribute("data-secret"))||(t=Math.random().toString(36).substring(2,12),e.src+="#?secret="+t,e.setAttribute("data-secret",t)),e.contentWindow.postMessage({message:"ready",secret:t},"*")},!1)))}(window,document);
//# sourceURL=https://equipvinyesdabad.com/wp-includes/js/wp-embed.min.js
</script>

Joan Vinyes-Jordi Mercader (Suzuki Swift S1600) dominaron de principio a fin la clasificación reservada a los vehículos de dos ruedas motrices (2RM) del 48 Rally Rías Baixas, primera de las pruebas gallegas del Campeonato de España 2012 de las especialidad. Una vez más el piloto de Suzuki Motorsport también luchó hasta la última especial del rally para mejorar posiciones en la clasificación absoluta, al final 7º puesto después de mantener una lucha desigual (en cuanto a vehículos) y en condiciones complicadas, sobre todo al final de la prueba. Sin lugar a dudas este afán de triunfo y su regularidad le han llevado a encabezar las clasificaciones provisionales, absoluta y 2RM, después de disputadas tres pruebas del mencionado campeonato.  La climatología fue la que motivó estas condiciones, la lluvia que apareció en las últimas especiales del rally la aprovechó Vinyes para mejorar alguna posición.
