{"version":"1.0","provider_name":"Equip vinyes dabad","provider_url":"https:\/\/equipvinyesdabad.com\/es\/","title":"Vinyes-Mercader y Suzuki de nuevo en acci\u00f3n. - Equip vinyes dabad","type":"rich","width":600,"height":338,"html":"<blockquote class=\"wp-embedded-content\" data-secret=\"wNUqnH66RH\"><a href=\"https:\/\/equipvinyesdabad.com\/es\/rallys\/vinyes-mercader-y-suzuki-de-nuevo-en-accion\/\">Vinyes-Mercader y Suzuki de nuevo en acci\u00f3n.<\/a><\/blockquote><iframe sandbox=\"allow-scripts\" security=\"restricted\" src=\"https:\/\/equipvinyesdabad.com\/es\/rallys\/vinyes-mercader-y-suzuki-de-nuevo-en-accion\/embed\/#?secret=wNUqnH66RH\" width=\"600\" height=\"338\" title=\"\u00abVinyes-Mercader y Suzuki de nuevo en acci\u00f3n.\u00bb \u2014 Equip vinyes dabad\" data-secret=\"wNUqnH66RH\" frameborder=\"0\" marginwidth=\"0\" marginheight=\"0\" scrolling=\"no\" class=\"wp-embedded-content\"><\/iframe><script>\n\/*! This file is auto-generated *\/\n!function(d,l){\"use strict\";l.querySelector&&d.addEventListener&&\"undefined\"!=typeof URL&&(d.wp=d.wp||{},d.wp.receiveEmbedMessage||(d.wp.receiveEmbedMessage=function(e){var t=e.data;if((t||t.secret||t.message||t.value)&&!\/[^a-zA-Z0-9]\/.test(t.secret)){for(var s,r,n,a=l.querySelectorAll('iframe[data-secret=\"'+t.secret+'\"]'),o=l.querySelectorAll('blockquote[data-secret=\"'+t.secret+'\"]'),c=new RegExp(\"^https?:$\",\"i\"),i=0;i<o.length;i++)o[i].style.display=\"none\";for(i=0;i<a.length;i++)s=a[i],e.source===s.contentWindow&&(s.removeAttribute(\"style\"),\"height\"===t.message?(1e3<(r=parseInt(t.value,10))?r=1e3:~~r<200&&(r=200),s.height=r):\"link\"===t.message&&(r=new URL(s.getAttribute(\"src\")),n=new URL(t.value),c.test(n.protocol))&&n.host===r.host&&l.activeElement===s&&(d.top.location.href=t.value))}},d.addEventListener(\"message\",d.wp.receiveEmbedMessage,!1),l.addEventListener(\"DOMContentLoaded\",function(){for(var e,t,s=l.querySelectorAll(\"iframe.wp-embedded-content\"),r=0;r<s.length;r++)(t=(e=s[r]).getAttribute(\"data-secret\"))||(t=Math.random().toString(36).substring(2,12),e.src+=\"#?secret=\"+t,e.setAttribute(\"data-secret\",t)),e.contentWindow.postMessage({message:\"ready\",secret:t},\"*\")},!1)))}(window,document);\n\/\/# sourceURL=https:\/\/equipvinyesdabad.com\/wp-includes\/js\/wp-embed.min.js\n<\/script>\n","thumbnail_url":"https:\/\/equipvinyesdabad.com\/wp-content\/uploads\/2024\/10\/logo_vinyes_dabad.png","thumbnail_width":250,"thumbnail_height":130,"description":"Con la disputa del 43 Rally de Ferrol, Joan Vinyes-Jordi Mercader (Suzuki Swift S1600) se reencuentran con la competici\u00f3n despu\u00e9s de dar por acabadas las vacaciones de verano. El equipo Suzuki Motorsport afronta la segunda parte de la temporada con la intenci\u00f3n de seguir con la din\u00e1mica vencedora que demostraron en las primeras carreras del a\u00f1o. Cabe recordar que Suzuki empieza la parte decisiva del 2012 como l\u00edder destacado de la clasificaci\u00f3n de equipos. Por su parte, Joan Vinyes encabeza la provisional de la Copa de 2 ruedas motrices (2RM) y en Ferrol lucir\u00e1 el dorsal 2 como segundo clasificado en la clasificaci\u00f3n absoluta del Campeonato de Espa\u00f1a de Rallys."}

Vinyes-Mercader y Suzuki de nuevo en acción. - Equip vinyes dabad

<blockquote class="wp-embedded-content" data-secret="wNUqnH66RH"><a href="https://equipvinyesdabad.com/es/rallys/vinyes-mercader-y-suzuki-de-nuevo-en-accion/">Vinyes-Mercader y Suzuki de nuevo en acción.</a></blockquote><iframe sandbox="allow-scripts" security="restricted" src="https://equipvinyesdabad.com/es/rallys/vinyes-mercader-y-suzuki-de-nuevo-en-accion/embed/#?secret=wNUqnH66RH" width="600" height="338" title="«Vinyes-Mercader y Suzuki de nuevo en acción.» — Equip vinyes dabad" data-secret="wNUqnH66RH" frameborder="0" marginwidth="0" marginheight="0" scrolling="no" class="wp-embedded-content"></iframe><script>
/*! This file is auto-generated */
!function(d,l){"use strict";l.querySelector&&d.addEventListener&&"undefined"!=typeof URL&&(d.wp=d.wp||{},d.wp.receiveEmbedMessage||(d.wp.receiveEmbedMessage=function(e){var t=e.data;if((t||t.secret||t.message||t.value)&&!/[^a-zA-Z0-9]/.test(t.secret)){for(var s,r,n,a=l.querySelectorAll('iframe[data-secret="'+t.secret+'"]'),o=l.querySelectorAll('blockquote[data-secret="'+t.secret+'"]'),c=new RegExp("^https?:$","i"),i=0;i<o.length;i++)o[i].style.display="none";for(i=0;i<a.length;i++)s=a[i],e.source===s.contentWindow&&(s.removeAttribute("style"),"height"===t.message?(1e3<(r=parseInt(t.value,10))?r=1e3:~~r<200&&(r=200),s.height=r):"link"===t.message&&(r=new URL(s.getAttribute("src")),n=new URL(t.value),c.test(n.protocol))&&n.host===r.host&&l.activeElement===s&&(d.top.location.href=t.value))}},d.addEventListener("message",d.wp.receiveEmbedMessage,!1),l.addEventListener("DOMContentLoaded",function(){for(var e,t,s=l.querySelectorAll("iframe.wp-embedded-content"),r=0;r<s.length;r++)(t=(e=s[r]).getAttribute("data-secret"))||(t=Math.random().toString(36).substring(2,12),e.src+="#?secret="+t,e.setAttribute("data-secret",t)),e.contentWindow.postMessage({message:"ready",secret:t},"*")},!1)))}(window,document);
//# sourceURL=https://equipvinyesdabad.com/wp-includes/js/wp-embed.min.js
</script>

Con la disputa del 43 Rally de Ferrol, Joan Vinyes-Jordi Mercader (Suzuki Swift S1600) se reencuentran con la competición después de dar por acabadas las vacaciones de verano. El equipo Suzuki Motorsport afronta la segunda parte de la temporada con la intención de seguir con la dinámica vencedora que demostraron en las primeras carreras del año. Cabe recordar que Suzuki empieza la parte decisiva del 2012 como líder destacado de la clasificación de equipos. Por su parte, Joan Vinyes encabeza la provisional de la Copa de 2 ruedas motrices (2RM) y en Ferrol lucirá el dorsal 2 como segundo clasificado en la clasificación absoluta del Campeonato de España de Rallys.
